33450
In base 11, what is -21 - 321a?
-3240
In base 14, what is -1 + -1580c?
-1580d
In base 13, what is -4 + -155702?
-155706
In base 14, what is -81206 + -5?
-8120b
In base 13, what is 87bca - 1?
87bc9
In base 12, what is -a7 - -1b00?
1a15
In base 4, what is -1022130230 - 12?
-1022130302
In base 5, what is -1431 + 212433?
211002
In base 16, what is 4 + 4178?
417c
In base 11, what is -1 + 2837?
2836
In base 3, what is -2111212201 - 202?
-2111220110
In base 9, what is 23 + 57268?
57302
In base 4, what is 11 - 22023333?
-22023322
In base 12, what is -88296 - -1?
-88295
In base 7, what is -3 + -2105654?
-2105660
In base 14, what is -5 - -175d?
1758
In base 16, what is 4c5b - 6?
4c55
In base 10, what is 73862 + 10?
73872
In base 14, what is -34b - -120?
-22b
In base 7, what is 1 - -21055?
21056
In base 3, what is 0 - -100210020?
100210020
In base 7, what is 6664 + -6?
6655
In base 5, what is 100 - -102311?
102411
In base 9, what is -4 + 1728814?
1728810
In base 10, what is -25 - -812?
787
In base 2, what is 11000000110100100 - -10?
11000000110100110
In base 9, what is 2018 + -2?
2016
In base 8, what is 1 - 1556?
-1555
In base 8, what is -1434254 + 1?
-1434253
In base 5, what is 104 - -40344?
41003
In base 13, what is 1c6 - -1c?
215
In base 7, what is 216 - 105446?
-105230
In base 7, what is -13 - 16245?
-16261
In base 4, what is 2222133220 + -1?
2222133213
In base 6, what is -2442054 + 3?
-2442051
In base 2, what is -111 - 1010001100110011101?
-1010001100110100100
In base 9, what is 7 + 165831?
165838
In base 16, what is -5b - -82a?
7cf
In base 7, what is -44302356 - -4?
-44302352
In base 5, what is 3 + 120243240?
120243243
In base 3, what is -21221021222 - 1?
-21221022000
In base 9, what is -86 - -575?
478
In base 16, what is 2 - -26d96?
26d98
In base 15, what is 23 + -7b?
-58
In base 6, what is -114135 - 0?
-114135
In base 8, what is 36047 - 14?
36033
In base 5, what is 234423 - 1331?
233042
In base 6, what is -2 - 315252?
-315254
In base 7, what is -665136 - 4?
-665143
In base 9, what is 61 - -7248?
7320
In base 10, what is 3 + -1310800?
-1310797
In base 15, what is 4 + 2125?
2129
In base 6, what is 153254 - -34?
153332
In base 12, what is -133 - -24b33?
24a00
In base 16, what is 0 - 2eef?
-2eef
In base 2, what is -11010 + 100010111000?
100010011110
In base 11, what is 1 + -60276?
-60275
In base 16, what is -b4e6 - -3?
-b4e3
In base 3, what is -11 + 20212121?
20212110
In base 12, what is -30a + -2a76?
-3184
In base 5, what is 24411441 + 0?
24411441
In base 13, what is -c6a + -6a?
-1007
In base 2, what is 10 + 101100101001?
101100101011
In base 14, what is 1 - -7d?
80
In base 2, what is -101 - 1010010001?
-1010010110
In base 13, what is -82921 + 6?
-82918
In base 15, what is b0489 - 1?
b0488
In base 7, what is 0 - -16353?
16353
In base 11, what is -5986 - 0?
-5986
In base 7, what is -200 + 640?
440
In base 14, what is -22a1 - -1b?
-2284
In base 10, what is -4 - 35016?
-35020
In base 16, what is -5954 + -3?
-5957
In base 7, what is -1465 - -5?
-1460
In base 12, what is -74 - 376?
-42a
In base 12, what is 4 - 19275?
-19271
In base 10, what is 3 + 6433?
6436
In base 11, what is -234224 + -2?
-234226
In base 4, what is -10 + -1233133?
-1233203
In base 8, what is -4705 + 15?
-4670
In base 2, what is 0 + 10000101001101?
10000101001101
In base 6, what is -5 + -542343?
-542352
In base 12, what is -3 - 74ab16?
-74ab19
In base 5, what is 3343 + -1442?
1401
In base 15, what is 2 - -1534?
1536
In base 8, what is 370023 - 7?
370014
In base 13, what is 36758 - -1b?
36776
In base 5, what is -3003030 + 1?
-3003024
In base 6, what is -42313 - -111?
-42202
In base 3, what is 10 - 12121002202?
-12121002122
In base 14, what is -36bd - 1?
-36c0
In base 11, what is 2274a - -5?
22754
In base 12, what is -3745a - 5?
-37463
In base 13, what is 4 - -9c4?
9c8
In base 2, what is 1010010111 + 1111101001?
11010000000
In base 12, what is -33 + -474b?
-4782
In base 2, what is -100 - 10110110010001?
-10110110010101
In base 7, what is -10525 - 245?
-11103
In base 5, what is -320111344 - 3?
-320111402
In base 16, what is -1f8cd + 3?
-1f8ca
In base 15, what is 1 + -6d205?
-6d204
In base 16, what is 553 - -ca?
61d
In base 4, what is -10101301 - 133?
-10102100
In base 7, what is 6621 + 23?
6644
In base 9, what is -11 + -513?
-524
In base 10, what is -231605 + -4?
-231609
In base 10, what is 14400 + 5?
14405
In base 15, what is 2c48 - 4?
2c44
In base 10, what is 275135 + -5?
275130
In base 6, what is 2342035 - -5?
2342044
In base 6, what is 2 - 3345?
-3343
In base 12, what is -315b3 + -18?
-3160b
In base 3, what is 12211112 - -11?
12211200
In base 14, what is -1 + -2c19?
-2c1a
In base 12, what is -8 + 6029?
6021
In base 7, what is 343006 - 13?
342663
In base 9, what is -382134 + 2?
-382132
In base 9, what is 28474 + -86?
28377
In base 10, what is -2 - -128170?
128168
In base 8, what is -1 + 24172?
24171
In base 10, what is -19 + -167?
-186
In base 10, what is -921 - -19?
-902
In base 13, what is -1b6 - 122?
-308
In base 11, what is 302358 - 1?
302357
In base 6, what is 213320 + -14?
213302
In base 2, what is 1 + -10001110011110100100?
-10001110011110100011
In base 5, what is 1 + -20312?
-20311
In base 16, what is -2b10 - -b?
-2b05
In base 7, what is 1110551 + -42?
1110506
In base 14, what is 93d8c - 1?
93d8b
In base 13, what is -54230 + 0?
-54230
In base 4, what is -100313 + -3010?
-103323
In base 3, what is 21100 + -2?
21021
In base 7, what is -545661 - 5?
-545666
In base 13, what is 5a4 - 1c3?
3b1
In base 6, what is 313 - 515?
-202
In base 3, what is -102022120121 - -12?
-102022120102
In base 5, what is 122040 - 1100?
120440
In base 12, what is -89b + -1309?
-1ba8
In base 4, what is 1 + 11323000?
11323001
In base 2, what is 10 - -1010001101000000?
1010001101000010
In base 7, what is 11135 + 3321?
14456
In base 15, what is 79aa - 36?
7974
In base 6, what is 1 - -44031225?
44031230
In base 7, what is 55 - 6266?
-6211
In base 6, what is 4 - 342101?
-342053
In base 16, what is 3213 + -8?
320b
In base 2, what is 1111101001 + 1001101111?
11001011000
In base 8, what is -27364 - -674?
-26470
In base 3, what is -101121102001 + -20?
-101121102021
In base 7, what is -56 + -2?
-61
In base 7, what is -111 + 3351?
3240
In base 12, what is 1 - -44972?
44973
In base 8, what is -135 - -76?
-37
In base 14, what is -16c4 + 3c?
-1686
In base 9, what is -10552 + -186?
-10748
In base 12, what is -41b - 42a?
-849
In base 7, what is -33 + -6066?
-6132
In base 10, what is 128 - 6441?
-6313
In base 7, what is 3053 - -10300?
13353
In base 14, what is a - -41a?
426
In base 5, what is -130 - 212?
-342
In base 16, what is -2c - 93eb?
-9417
In base 8, what is -2246150 + -4?
-2246154
In base 6, what is -220045 + -4?
-220053
In base 16, what is -12619 - 1?
-1261a
In base 11, what is 1245 + -2016?
-881
In base 12, what is -b + 19a92a?
19a91b
In base 12, what is 148601 - 0?
148601
In base 10, what is 4 - 16707?
-16703
In base 5, what is 143 + -1420?
-1222
In base 10, what is 167311 + -3?
167308
In base 16, what is 0 + -143104?
-143104
In base 10, what is 783 - 20?
763
In base 4, what is 0 - -20002301?
20002301
In base 8, what is 1 - -642?
643
In base 16, what is 7857e - -1?
7857f
In base 15, what is -2 + 11a067?
11a065
In base 10, what is 2 - -23364?
23366
In base 14, what is -3a + 745?
709
In base 13, what is -5 - -cb281?
cb279
In base 5, what is -23234 + 122?
-23112
In base 8, what is 1721755 + -5?
1721750
In base 5, what is -110014241 - -1?
-110014240
In base 3, what is -1 + -2201211220?
-2201211221
In base 14, what is -b - 35bc?
-35c9
In base 14, what is -a5d + -20?
-a7d
In base 2, what is 11000111010001000111 - 100?
11000111010001000011
In base 6, what is -254353 - 10?
-254403
In base 5, what is 24133 - 11?
24122
In base 9, what is 121530 + 0?
121530
In base 3, what is 2012002 - 1?
2012001
In base 6, what is 11 + -220200?
-220145
In base 15, what is 1 + 6e14?
6e15
In base 8, what is 154235 - -3?
154240
In base 14, what is -797 - -b3?
-6c4
In base 11, what is 23 + -9603?
-9590
In base 8, what is 470 - 770?
-300
In base 6, what is -1323 + 0?
-1323
In base 16, what is -1ff4d - -4?
-1ff49
In base 2, what is -11011010110100 + 110010?
-11011010000010
In base 6, what is 123 - 133355?
-133232
In base 8, what is 12